{"id":6756,"date":"2023-07-19T18:14:26","date_gmt":"2023-07-19T15:14:26","guid":{"rendered":"https:\/\/gnhrafsistemleri.com\/?page_id=6756"},"modified":"2023-07-19T18:48:01","modified_gmt":"2023-07-19T15:48:01","slug":"celik-raf-sistemleri","status":"publish","type":"page","link":"https:\/\/www.gnhrafsistemleri.com\/index.php\/urun-gruplari\/celik-raf-sistemleri\/","title":{"rendered":"\u00c7elik Raf Sistemleri"},"content":{"rendered":"\t\t<div data-elementor-type=\"wp-page\" data-elementor-id=\"6756\" class=\"elementor elementor-6756\">\n\t\t\t\t\t\t\t\t\t<section class=\"elementor-section elementor-top-section elementor-element elementor-element-a92e210 elementor-section-boxed elementor-section-height-default elementor-section-height-default\" data-id=\"a92e210\" data-element_type=\"section\">\n\t\t\t\t\t\t<div class=\"elementor-container elementor-column-gap-default\">\n\t\t\t\t\t<div class=\"elementor-column elementor-col-100 elementor-top-column elementor-element elementor-element-20da52b\" data-id=\"20da52b\" data-element_type=\"column\">\n\t\t\t<div class=\"elementor-widget-wrap elementor-element-populated\">\n\t\t\t\t\t\t\t\t<div class=\"elementor-element elementor-element-4a3ec8c elementor-widget elementor-widget-text-editor\" data-id=\"4a3ec8c\" data-element_type=\"widget\" data-widget_type=\"text-editor.default\">\n\t\t\t\t<div class=\"elementor-widget-container\">\n\t\t\t<style>\/*! elementor - v3.14.0 - 26-06-2023 *\/\n.elementor-widget-text-editor.elementor-drop-cap-view-stacked .elementor-drop-cap{background-color:#69727d;color:#fff}.elementor-widget-text-editor.elementor-drop-cap-view-framed .elementor-drop-cap{color:#69727d;border:3px solid;background-color:transparent}.elementor-widget-text-editor:not(.elementor-drop-cap-view-default) .elementor-drop-cap{margin-top:8px}.elementor-widget-text-editor:not(.elementor-drop-cap-view-default) .elementor-drop-cap-letter{width:1em;height:1em}.elementor-widget-text-editor .elementor-drop-cap{float:left;text-align:center;line-height:1;font-size:50px}.elementor-widget-text-editor .elementor-drop-cap-letter{display:inline-block}<\/style>\t\t\t\t<p style=\"text-align: justify;\"><strong><img loading=\"lazy\" decoding=\"async\" class=\"size-medium wp-image-6801 alignleft\" src=\"https:\/\/gnhrafsistemleri.com\/wp-content\/uploads\/2023\/07\/crf-5-440x350-1-300x239.jpg\" alt=\"\" width=\"300\" height=\"239\" srcset=\"https:\/\/www.gnhrafsistemleri.com\/wp-content\/uploads\/2023\/07\/crf-5-440x350-1-300x239.jpg 300w, https:\/\/www.gnhrafsistemleri.com\/wp-content\/uploads\/2023\/07\/crf-5-440x350-1.jpg 440w\" sizes=\"auto, (max-width: 300px) 100vw, 300px\" \/>\u00c7elik Raf Sistemleri<\/strong>, standart \u00f6l\u00e7\u00fclerde imal edilen ve fiyat olarak di\u011fer depolama sistemlerinden maliyetinin d\u00fc\u015f\u00fck olmas\u0131 sebebiyle en \u00e7ok tercih edilen raf sistemidir.<\/p><p style=\"text-align: justify;\"><strong>\u00c7elik Raf Sistemi<\/strong>, a\u011f\u0131rl\u0131k ve hacim olarak k\u00fc\u00e7\u00fck ebatlardaki \u00fcr\u00fcnlerin istiflenmesinde deponun kullan\u0131\u015fl\u0131, tertipli ve d\u00fczenli olmas\u0131n\u0131 sa\u011flar.<\/p><p style=\"text-align: justify;\"><strong>\u00c7elik Raf Sistemi,<\/strong>\u00a0depolanacak \u00fcr\u00fcnlerin a\u011f\u0131rl\u0131klar\u0131na g\u00f6re belirlenecek sac kal\u0131nl\u0131\u011f\u0131 ile\u00a0sistemin ta\u015f\u0131ma kapasitesi artt\u0131r\u0131labilir.<\/p><p style=\"text-align: justify;\"><strong>\u00c7elik Raf Sistemi,<\/strong>\u00a0gri renkte (RAL 7046) imal edilmektedir. \u0130ste\u011fe ba\u011fl\u0131 olarak adetli al\u0131mlarda farkl\u0131 renk se\u00e7enekleri de mevcuttur.<\/p><p style=\"text-align: justify;\"><strong>\u00c7elik Raf Sistemi,<\/strong>\u00a0gerek ilk kurulum a\u015famas\u0131nda, gerekse yer de\u011fi\u015ftirme a\u015famalar\u0131nda c\u0131vata ve somun yard\u0131m\u0131 ile montaj\u0131, demontaj\u0131, kurulumu kolay raf sistemidir.<\/p><p style=\"text-align: justify;\"><strong>\u00c7elik Raf Sistemi,<\/strong>\u00a0depolanacak \u00fcr\u00fcn\u00fcn a\u011f\u0131rl\u0131\u011f\u0131na g\u00f6re de\u011fi\u015fik ebatlarda ta\u015f\u0131y\u0131c\u0131 tabla sac kal\u0131nl\u0131klar\u0131nda ( 0,70mm \u2013 1,00mm\u00a0 \u2013 1,50mm ) imal edilmektedir.<\/p><p style=\"text-align: justify;\"><strong>\u00c7elik Raf Sistemi,<\/strong>\u00a0minimum maliyetle, maksimum d\u00fczeyde fayda sa\u011flamak i\u00e7in tasarlanm\u0131\u015f depolama sistemidir.<\/p><p style=\"text-align: justify;\"><strong>\u00c7elik Raf Sistemi,<\/strong>\u00a0boya i\u015flemi boyanacak y\u00fczeylerin temizlenme, ya\u011f alma, durulama, fosfatlama ve son durulamadan sonra kurutma yap\u0131l\u0131r, boya robotlar ile minimum 0,60-0,70 mikron aral\u0131\u011f\u0131nda boya at\u0131larak 200 derecede f\u0131r\u0131nlanma i\u015flemine tabi tutulur.<\/p><h5 style=\"text-align: justify;\">RAF (TA\u015eIYICI TABLA) EBATLARI<\/h5><p style=\"text-align: justify;\"><strong>RAF TABLA UZUNLU\u011eU<\/strong><br \/>60cm \u2013 75cm \u2013 93cm<br \/><strong>RAF TABLA DER\u0130NL\u0130\u011e\u0130<\/strong><br \/>26cm \u2013 31cm \u2013 43cm \u2013 59cm \u2013 75cm \u2013 93cm<\/p><h5 style=\"text-align: justify;\">KULLANIM ALANLARI<\/h5><ul><li style=\"text-align: justify;\">Otomotiv ve Yedek Par\u00e7a Depolar\u0131,<\/li><li style=\"text-align: justify;\">Ecza Depolar\u0131,<\/li><li style=\"text-align: justify;\">Hastane \u0130la\u00e7 Depolar\u0131,<\/li><li style=\"text-align: justify;\">Hastane Ar\u015fiv Depolar\u0131,<\/li><li style=\"text-align: justify;\">Banka Ar\u015fivleri,<\/li><li style=\"text-align: justify;\">\u015eirket Ar\u015fivleri,<\/li><li style=\"text-align: justify;\">Tekstil Depolar\u0131<\/li><\/ul>\t\t\t\t\t\t<\/div>\n\t\t\t\t<\/div>\n\t\t\t\t\t<\/div>\n\t\t<\/div>\n\t\t\t\t\t\t\t<\/div>\n\t\t<\/section>\n\t\t\t\t<section class=\"elementor-section elementor-top-section elementor-element elementor-element-d7462cb elementor-section-boxed elementor-section-height-default elementor-section-height-default\" data-id=\"d7462cb\" data-element_type=\"section\">\n\t\t\t\t\t\t<div class=\"elementor-container elementor-column-gap-default\">\n\t\t\t\t\t<div class=\"elementor-column elementor-col-100 elementor-top-column elementor-element elementor-element-132a8f0\" data-id=\"132a8f0\" data-element_type=\"column\">\n\t\t\t<div class=\"elementor-widget-wrap elementor-element-populated\">\n\t\t\t\t\t\t\t\t<div class=\"elementor-element elementor-element-5a1ae2c elementor-widget elementor-widget-image-gallery\" data-id=\"5a1ae2c\" data-element_type=\"widget\" data-widget_type=\"image-gallery.default\">\n\t\t\t\t<div class=\"elementor-widget-container\">\n\t\t\t<style>\/*! elementor - v3.14.0 - 26-06-2023 *\/\n.elementor-image-gallery .gallery-item{display:inline-block;text-align:center;vertical-align:top;width:100%;max-width:100%;margin:0 auto}.elementor-image-gallery .gallery-item img{margin:0 auto}.elementor-image-gallery .gallery-item .gallery-caption{margin:0}.elementor-image-gallery figure img{display:block}.elementor-image-gallery figure figcaption{width:100%}.gallery-spacing-custom .elementor-image-gallery .gallery-icon{padding:0}@media (min-width:768px){.elementor-image-gallery .gallery-columns-2 .gallery-item{max-width:50%}.elementor-image-gallery .gallery-columns-3 .gallery-item{max-width:33.33%}.elementor-image-gallery .gallery-columns-4 .gallery-item{max-width:25%}.elementor-image-gallery .gallery-columns-5 .gallery-item{max-width:20%}.elementor-image-gallery .gallery-columns-6 .gallery-item{max-width:16.666%}.elementor-image-gallery .gallery-columns-7 .gallery-item{max-width:14.28%}.elementor-image-gallery .gallery-columns-8 .gallery-item{max-width:12.5%}.elementor-image-gallery .gallery-columns-9 .gallery-item{max-width:11.11%}.elementor-image-gallery .gallery-columns-10 .gallery-item{max-width:10%}}@media (min-width:480px) and (max-width:767px){.elementor-image-gallery .gallery.gallery-columns-2 .gallery-item,.elementor-image-gallery .gallery.gallery-columns-3 .gallery-item,.elementor-image-gallery .gallery.gallery-columns-4 .gallery-item,.elementor-image-gallery .gallery.gallery-columns-5 .gallery-item,.elementor-image-gallery .gallery.gallery-columns-6 .gallery-item,.elementor-image-gallery .gallery.gallery-columns-7 .gallery-item,.elementor-image-gallery .gallery.gallery-columns-8 .gallery-item,.elementor-image-gallery .gallery.gallery-columns-9 .gallery-item,.elementor-image-gallery .gallery.gallery-columns-10 .gallery-item{max-width:50%}}@media (max-width:479px){.elementor-image-gallery .gallery.gallery-columns-2 .gallery-item,.elementor-image-gallery .gallery.gallery-columns-3 .gallery-item,.elementor-image-gallery .gallery.gallery-columns-4 .gallery-item,.elementor-image-gallery .gallery.gallery-columns-5 .gallery-item,.elementor-image-gallery .gallery.gallery-columns-6 .gallery-item,.elementor-image-gallery .gallery.gallery-columns-7 .gallery-item,.elementor-image-gallery .gallery.gallery-columns-8 .gallery-item,.elementor-image-gallery .gallery.gallery-columns-9 .gallery-item,.elementor-image-gallery .gallery.gallery-columns-10 .gallery-item{max-width:100%}}<\/style>\t\t<div class=\"elementor-image-gallery\">\n\t\t\t\n\t\t<style type=\"text\/css\">\n\t\t\t#gallery-1 {\n\t\t\t\tmargin: auto;\n\t\t\t}\n\t\t\t#gallery-1 .gallery-item {\n\t\t\t\tfloat: left;\n\t\t\t\tmargin-top: 10px;\n\t\t\t\ttext-align: center;\n\t\t\t\twidth: 33%;\n\t\t\t}\n\t\t\t#gallery-1 img {\n\t\t\t\tborder: 2px solid #cfcfcf;\n\t\t\t}\n\t\t\t#gallery-1 .gallery-caption {\n\t\t\t\tmargin-left: 0;\n\t\t\t}\n\t\t\t\/* see gallery_shortcode() in wp-includes\/media.php *\/\n\t\t<\/style>\n\t\t<div id='gallery-1' class='gallery galleryid-6756 gallery-columns-3 gallery-size-thumbnail'><dl class='gallery-item'>\n\t\t\t<dt class='gallery-icon landscape'>\n\t\t\t\t<a data-elementor-open-lightbox=\"yes\" data-elementor-lightbox-slideshow=\"5a1ae2c\" data-elementor-lightbox-title=\"crf-6\" data-e-action-hash=\"#elementor-action%3Aaction%3Dlightbox%26settings%3DeyJpZCI6NjgwOCwidXJsIjoiaHR0cHM6XC9cL3d3dy5nbmhyYWZzaXN0ZW1sZXJpLmNvbVwvd3AtY29udGVudFwvdXBsb2Fkc1wvMjAyM1wvMDdcL2NyZi02LmpwZyIsInNsaWRlc2hvdyI6IjVhMWFlMmMifQ%3D%3D\" href='https:\/\/www.gnhrafsistemleri.com\/wp-content\/uploads\/2023\/07\/crf-6.jpg'><img loading=\"lazy\" decoding=\"async\" width=\"150\" height=\"150\" src=\"https:\/\/www.gnhrafsistemleri.com\/wp-content\/uploads\/2023\/07\/crf-6-150x150.jpg\" class=\"attachment-thumbnail size-thumbnail\" alt=\"\" \/><\/a>\n\t\t\t<\/dt><\/dl><dl class='gallery-item'>\n\t\t\t<dt class='gallery-icon landscape'>\n\t\t\t\t<a data-elementor-open-lightbox=\"yes\" data-elementor-lightbox-slideshow=\"5a1ae2c\" data-elementor-lightbox-title=\"crf-5\" data-e-action-hash=\"#elementor-action%3Aaction%3Dlightbox%26settings%3DeyJpZCI6NjgwOSwidXJsIjoiaHR0cHM6XC9cL3d3dy5nbmhyYWZzaXN0ZW1sZXJpLmNvbVwvd3AtY29udGVudFwvdXBsb2Fkc1wvMjAyM1wvMDdcL2NyZi01LmpwZyIsInNsaWRlc2hvdyI6IjVhMWFlMmMifQ%3D%3D\" href='https:\/\/www.gnhrafsistemleri.com\/wp-content\/uploads\/2023\/07\/crf-5.jpg'><img loading=\"lazy\" decoding=\"async\" width=\"150\" height=\"150\" src=\"https:\/\/www.gnhrafsistemleri.com\/wp-content\/uploads\/2023\/07\/crf-5-150x150.jpg\" class=\"attachment-thumbnail size-thumbnail\" alt=\"\" \/><\/a>\n\t\t\t<\/dt><\/dl><dl class='gallery-item'>\n\t\t\t<dt class='gallery-icon portrait'>\n\t\t\t\t<a data-elementor-open-lightbox=\"yes\" data-elementor-lightbox-slideshow=\"5a1ae2c\" data-elementor-lightbox-title=\"crf-1\" data-e-action-hash=\"#elementor-action%3Aaction%3Dlightbox%26settings%3DeyJpZCI6NjgxMCwidXJsIjoiaHR0cHM6XC9cL3d3dy5nbmhyYWZzaXN0ZW1sZXJpLmNvbVwvd3AtY29udGVudFwvdXBsb2Fkc1wvMjAyM1wvMDdcL2NyZi0xLmpwZyIsInNsaWRlc2hvdyI6IjVhMWFlMmMifQ%3D%3D\" href='https:\/\/www.gnhrafsistemleri.com\/wp-content\/uploads\/2023\/07\/crf-1.jpg'><img loading=\"lazy\" decoding=\"async\" width=\"150\" height=\"150\" src=\"https:\/\/www.gnhrafsistemleri.com\/wp-content\/uploads\/2023\/07\/crf-1-150x150.jpg\" class=\"attachment-thumbnail size-thumbnail\" alt=\"\" \/><\/a>\n\t\t\t<\/dt><\/dl><br style=\"clear: both\" \/>\n\t\t<\/div>\n\t\t<\/div>\n\t\t\t\t<\/div>\n\t\t\t\t<\/div>\n\t\t\t\t\t<\/div>\n\t\t<\/div>\n\t\t\t\t\t\t\t<\/div>\n\t\t<\/section>\n\t\t\t\t\t\t\t<\/div>\n\t\t","protected":false},"excerpt":{"rendered":"<p>\u00c7elik Raf Sistemleri, standart \u00f6l\u00e7\u00fclerde imal edilen ve fiyat olarak di\u011fer depolama sistemlerinden maliyetinin d\u00fc\u015f\u00fck olmas\u0131 sebebiyle en \u00e7ok tercih edilen raf sistemidir. \u00c7elik Raf Sistemi, a\u011f\u0131rl\u0131k ve hacim olarak k\u00fc\u00e7\u00fck ebatlardaki \u00fcr\u00fcnlerin istiflenmesinde deponun kullan\u0131\u015fl\u0131, tertipli ve d\u00fczenli olmas\u0131n\u0131 sa\u011flar. \u00c7elik Raf Sistemi,\u00a0depolanacak \u00fcr\u00fcnlerin a\u011f\u0131rl\u0131klar\u0131na g\u00f6re belirlenecek sac kal\u0131nl\u0131\u011f\u0131 ile\u00a0sistemin ta\u015f\u0131ma kapasitesi artt\u0131r\u0131labilir. \u00c7elik [&hellip;]<\/p>\n","protected":false},"author":1,"featured_media":0,"parent":6747,"menu_order":0,"comment_status":"closed","ping_status":"closed","template":"","meta":{"footnotes":""},"class_list":["post-6756","page","type-page","status-publish","hentry"],"_links":{"self":[{"href":"https:\/\/www.gnhrafsistemleri.com\/index.php\/wp-json\/wp\/v2\/pages\/6756","targetHints":{"allow":["GET"]}}],"collection":[{"href":"https:\/\/www.gnhrafsistemleri.com\/index.php\/wp-json\/wp\/v2\/pages"}],"about":[{"href":"https:\/\/www.gnhrafsistemleri.com\/index.php\/wp-json\/wp\/v2\/types\/page"}],"author":[{"embeddable":true,"href":"https:\/\/www.gnhrafsistemleri.com\/index.php\/wp-json\/wp\/v2\/users\/1"}],"replies":[{"embeddable":true,"href":"https:\/\/www.gnhrafsistemleri.com\/index.php\/wp-json\/wp\/v2\/comments?post=6756"}],"version-history":[{"count":10,"href":"https:\/\/www.gnhrafsistemleri.com\/index.php\/wp-json\/wp\/v2\/pages\/6756\/revisions"}],"predecessor-version":[{"id":6814,"href":"https:\/\/www.gnhrafsistemleri.com\/index.php\/wp-json\/wp\/v2\/pages\/6756\/revisions\/6814"}],"up":[{"embeddable":true,"href":"https:\/\/www.gnhrafsistemleri.com\/index.php\/wp-json\/wp\/v2\/pages\/6747"}],"wp:attachment":[{"href":"https:\/\/www.gnhrafsistemleri.com\/index.php\/wp-json\/wp\/v2\/media?parent=6756"}],"curies":[{"name":"wp","href":"https:\/\/api.w.org\/{rel}","templated":true}]}}